4).
-48
-12 + -42 + 4 + 48
-2
What is -119 + (30 + 11 - 7) + -2?
-87
Calculate -161 - 1 - (-129 + -296 + 395).
-132
What is 3 - 59 - (17 + -46)?
-27
(1424 - 1467) + (2 - -32)
-9
What is (14 - 90 - (2 + 1)) + (22 + -13 - 5)?
-75
Calculate (-2 + -2 - (57 + -7) - -5) + -41 + 40.
-50
What is 12 - (42 + (21 - (23 - 15)))?
-43
1 - (40 + 19) - (1 + 6)
-65
Evaluate (-31 + 12 - (-5 - -43)) + -1 + 16.
-42
What is the value of -6 - (83 + -2) - (-7 - (-21 + -4 - -3))?
-102
What is the value of 11 + 15 + -9 + -65?
-48
Calculate (271 - 328) + (5 - 5) + -9 + 2 + -2.
-66
What is 76 - (-17 - -48) - 34 - ((0 - -6) + -1)?
6
50 + (-4 - -8) + -2 + -6 + (-5 - -3)
44
Calculate -1 - -3 - (-193 - -182).
13
What is -28 - ((-15 - -2) + -388 + 352)?
21
-54 + 38 - -24 - -56
64
Evaluate -45 + -8 + -225 + 202.
-76
Calculate 28 + -61 + 21 - ((-3 + 1 - -3) + -54).
41
What is the value of -64 - (11 - (14 + -13 + 1 + (11 - 6)))?
-68
Evaluate -2 - 1 - ((13 - 0) + 532 + -542 - 23).
17
What is 2 + (-2 - (-11 + 6)) - (-48 - 0 - -19)?
34
Calculate 18 + -20 + 24 + -14 - (3 + 2) - 67.
-64
Evaluate (-39 + 30 - -17) + -11.
-3
-16 - (5 - 9) - 4 - -72
56
What is 12 - 55 - -38 - ((-44 - 0 - -5) + 2)?
32
-10 - (80 + (1 - -3) + 1 + -3864 + 3865)
-96
Evaluate (-12 - -2) + (-3 - (8 - (13 + -9)) - -31).
14
(-3 - -77) + -12 + -39
23
Evaluate (-15 - -7 - -24) + -17 + 7.
6
What is -50 + 53 - (-2 + 4 + 14 - 2) - 5?
-16
What is the value of (43 - -8) + (-12 - 0) + (32 + -33 - -5)?
43
-52 + -3 + -18 + 0 + 2 + -11
-82
1 - (-4 - -18) - (-8 - -35 - 70)
30
30 + 2 + -56 - -13
-11
What is -15 + 25 + -31 + 18 + -3 + 4 + -4?
-6
0 - -14 - (-43 + 62 - -18)
-23
(52 - -2) + (-63 - -52) - (-1 - -5 - -8)
31
-123 - -2 - (4570 + -4617)
-74
Evaluate -32 - (-8 - (11 - (-1 - -8))).
-20
44 + -3 + (695 - 718)
18
What is -57 - -2 - (17 - 57) - -47?
32
What is (27 - 32) + 2 - (9 - (8 - 2))?
-6
What is -71 - (24 - (9 - (-4 + -8 + 19)))?
-93
Calculate (-35 - 62) + -2 + 1 + (-208 - -200).
-106
33 + -23 - 19 - 7 - (-5 - -3)
-14
Calculate -36 - (-173 + 141 - (-13 - 1)) - -20.
2
Calculate (7 - (21 + 19) - -51) + -26.
-8
Evaluate -13 + (-97 + 14 + -2 - (14 + -9)).
-103
-4 + 60 - ((26 - 97) + 80)
47
8025 - 8023 - (2 + -2 + -57) - -9
68
What is the value of -15 - ((-59 - 4) + 18 - -23)?
7
-6 - (-3 + -21 + (14 - -6 - 14))
12
Calculate (1 - -33) + 499 + -465 + -36.
32
-2 + -1 + -2 + -938 + 922 + 7
-14
What is -46 + (-9 + 0 + 17 + -23 - -22)?
-39
(7 - 37) + -34 + -7 + (9 - -2)
-60
Calculate (4 - 17 - -1) + 333 + -347.
-26
(6 - (-16 + 14)) + 2 - (19 - 0)
-9
Evaluate (166 - 3) + -34 - 76.
53
Evaluate -48 - (1 + -1 + 3).
-51
Calculate -3 + (21 - (-31 + 28)).
21
Evaluate (97 - 1) + 1889 + -1898.
87
Evaluate (153 - 191) + -4 + 0 - -20.
-22
What is the value of -566 + 488 - (-33 - 1) - 70?
-114
What is the value of (47 - (-4 - (-4 - -1))) + -22 + 26 + -7?
45
Calculate 18 - (48 + -20) - (19 + -1).
-28
What is (-7 - (41 + -49)) + -13?
-12
What is -7 + (28 - 99) + 5?
-73
6 + 35 + -67 - -13
-13
What is the value of -36 + (12 - (-7 + 8 + 3)) + 4?
-24
What is 67 - ((14 - -2) + (18 - 5))?
38
Evaluate (0 - 10) + (-25 + 7 - 21) + -6 + 9.
-46
-10 - (4 - (-146 + 138 - (6 + -2)))
-26
-25 + (31 - (-19 - -22)) - 16
-13
Evaluate (34 - 82) + 29 - -41.
22
Calculate 3 + -17 - (55 + (-29 - (15 + -27))).
-52
(15 + -20 - 14) + 7 + -1 - 48
-61
What is 12 + -46 + -6 + 8 + (-1 - 3) + 2?
-34
Calculate (-20 - (-43 - 8)) + -28.
3
Calculate (-21 - (-17 + 32)) + 131 + -43.
52
Calculate (-31 - (-49 + 32)) + -7 - 3.
-24
Calculate -37 - (12 - ((-9 - -26) + -8)).
-40
Evaluate -3 + (33 - 97 - -31).
-36
What is the value of 2 + (-12 - 2) - (-8 + 14 - 4)?
-14
What is -291 + 160 + (40 - -4)?
-87
Calculate (3 + (-5 - -11) - -3) + -61 + -11 + -14.
-74
What is the value of -1 + 13 - ((96 - 112) + 39)?
-11
What is 11 + -49 + -14 + 6 + 10 + -2 + 0?
-38
Calculate -62 - (-123 - (91 + -101)).
51
(1 - (0 + 4) - (143 - 147)) + (-14 - -21)
8
What is the value of (53 - 50) + (1 - -7) - ((12 - 4) + -29)?
32
Evaluate -11 + (19 - 13) + (-2 - 3) + 7.
-3
Calculate 18 - (-43 + 8 - -34 - -113).
-94
What is 15939 + -15861 + -14 + -2 + 1?
63
Evaluate 15 + (68 - 54) + (1 - -60).
90
What is -32 - (-39 + -3 - -35 - (-15 + 1))?
-39
Calculate -18505 - -18518 - (77 - 1).
-63
What is the value of 45 - 5 - (-2877 - -3004)?
-87
66 + -1 + -17 + (24 - 9) - 17
46
Evaluate ((-24 - 2) + 9 - -27) + 7.
17
Evaluate (42 - (-32 + 112)) + 29.
-9
-14 - -83 - 16 - 42
11
What is (89 - (23 - 4 - (-33 - -41))) + 5 + -20?
63
Evaluate (-7 - -20 - 28 - (1 - -55)) + 16 + -2.
-57
What is the value of 1 + (-3 - -8) + -5 + 19 + (-32 - -17)?
5
19 - ((-68 - -49) + (-2 - -58))
-18
(4 - -72) + -71 + -3 + -66 + 2
-62
(-6 - (28 - 47)) + 4 + (4 - (1 - -4))
16
What is the value of 0 - 3 - (-184 - (-147 - -66))?
100
Evaluate 0 + -27 + (49 - 58).
-36
Calculate -12 - (9 - ((20 - 26) + 38 - 13)).
-2
Evaluate -17 + 10 + (8 - 29 - (35 - 50)).
-13
What is the value of -60 + 76 + 57 + -49?
24
Calculate -27 + (-48 - -46) + 51.
22
-46 + 34 + 2 - -40
30
Evaluate (47 - 28) + 7 - 6.
20
(-2 - (8 + 0 + 1)) + -414 + 433 + -15
-7
Evaluate -53 - (-122 + (50 - 35)).
54
0 - 22 - (39 - (143 + -94))
-12
Evaluate 89 - (39 - (84 - 70)).
64
What is the value of 5 - (1 - -6) - -38 - (7 + -8)?
37
Calculate (-1 - 4) + -59 + (108 - 101).
-57
What is the value of 60 - (-50 + 43 - -48)?
19
What is the value of -3 + 64 + -1 - (-37 + (14 - -36))?
47
Evaluate (-37 - -19 - 21) + (-4 - 12 - -2).
-53
What is (-37 - -2) + 105 + -54 + 34?
50
Calculate (-3 - -44) + 1189 + -1187.
43
Calculate -2 + (7 - 1) - (-14582 - -14500).
86
(-14 - 4) + -88 + 124 + -4
14
Evaluate -157 - ((-168 - -208) + -132).
-65
What is the value of 0 + -101 - (10 + -7 + 7 + 77 + -91)?
-97
Calculate (3 - 1) + -1 + -10 + -629 + 675.
37
Calculate (-3 - (2 + 1)) + (-3 - -38 - -31 - -46).
106
Evaluate (0 - 7) + (-14 + (15 - -12) - 3).
3
-155 + 111 + -71 + 28
-87
Evaluate 58 + -25 - (-14 - (-17 - -11)).
41
What is the value of -5 - ((-14 - -13) + -9) - 13 - 48?
-56
What is the value of -101 + (4 + 7 + 21 + -1 - 9)?
-79
What is the value of -1 + -9 - (1692 - 1753)?
51
What is the value of (49 - 22) + -42 + (-4 - 5)?
-24
(-43 - (4 - 4)) + 3 + (-71 - -55)
-56
What is -17 + (3 - (3 - 17 - (-246 - -225)))?
-21
6 + 5 + -13 + -18 - -106 - -18
104
What is the value of 462 + -515 + (-3 - -2 - (-3 + -3 + -1))?
-47
-1 + 15 + -8 + (1 - 3) + -77 + 35
-38
Calculate 51 + (51 - 99) + -65.
-62
What is the value of (-12 - (-44 - 1 - -14)) + 1 + 11?
31
Evaluate (-11 - -19) + 7 - (9 + 1) - -12.
17
What is 70 - (-21 + 235 + -21)?
-123
Calculate -36 + (-6 - 28) + (176 - 21).
85
What is -198 + 455 + -282 - (-2 - ((-1 - -3) + -2))?
-23
What is 4 - (1 - (117 + -117 + -1 + 14))?
16
What is 49 - (-9 + (51 - 8))?
15
(-9 - ((14 - (-7 + 15)) + -27)) + -113 - -16
-85
(1 - 51) + (1073 - 1062)
-39
What is 13 + 2 + -27 + 94 + -47?
35
What is -109 + (129 - 95) - -86?
11
What is the value of -12 - (3 + -3 - 6 - (55 - 69))?
-20
What is 4 + (8 - (7 - (5 - (-12 + 27))))?
-5
Calculate 193 + -108 + -22 + 29.
92
What is 5 + 2 + -1 - (25 + -64 + (21 - -9))?
15
(7999 - 7940) + 6 + 1
66
0 + 9 + 106 + -89 - 54
-28
Evaluate -8 + 28 + 24 - (11 + 6 + -4).
31
Calculate (17 - 1 - (43 + (-14 - 32))) + 95.
114
Evaluate (25 - (-43 + -33)) + -22.
79
What is the value of (6 - -60) + -70 - (4 - 22)?
14
Calculate (7 - (11 + (-11 - -8) - 2)) + (-6 - 2).
-7
(-9 - -20) + (7 - 10) + -18 + (82 - -1)
73
Evaluate 2 + (41 - ((-1 + -2 - -16) + -7 - 0)).
37
31 + 0 - (-1780 + 1711) - -17
117
Calculate (7 - 15 - -22) + 6 + (-80 - -70).
10
(-31 - (4 + (-3 - -9) - 25)) + 33
17
What is (2 - (2 + -1)) + (132 + -96 - (-15 - -6))?
46
Evaluate (-15 - 22) + 28 - -18.
9
What is the value of -65 + 36 - 1 - (21 + 0)?
-51
(-31 - -3) + (33 + -20 - 6)
-21
Evaluate (4 + -24 - (-11 - 37)) + 2.
30
-12 + (-4 - -1) + (-43 - -63)
5
What is the value of -21 + 1 - (-116 - (-180 - -30))?
-54
What is the value of (-1 - -15) + -1590 + 1521?
-55
What is the value of 89 + -70 + 3 + 10?
32
-1 + -3 - (16 - -55 - 152) - 17
60
(8 - 9 - -65) + -11 + 17 + -17
53
(-31 - -166 - 121) + (51 - (1 + 0))
64
Calculate (8 + 31 - (7 - -12)) + -58.
-38
What is 41 - 47 - (4 - ((-2 - -10) + 6))?
4
-59 + 30 - -24 - 7
-12
Calculate -4 - (-13 - ((0 - 17) + 0)) - 45.
-53
Evaluate (287 - 294) + 9 + -2 + 0 - 65.
-65
What is